49?
3
What is the hundreds digit of 2325?
3
What is the hundreds digit of 4023?
0
What is the ten thousands digit of 23312?
2
What is the units digit of 1912?
2
What is the thousands digit of 4905?
4
What is the units digit of 71?
1
What is the units digit of 796?
6
What is the tens digit of 5416?
1
What is the units digit of 421?
1
What is the hundreds digit of 2002?
0
What is the tens digit of 34996?
9
What is the tens digit of 824?
2
What is the units digit of 1333?
3
What is the thousands digit of 31063?
1
What is the tens digit of 15003?
0
What is the thousands digit of 9874?
9
What is the ten thousands digit of 14811?
1
What is the units digit of 4701?
1
What is the thousands digit of 13291?
3
What is the thousands digit of 3530?
3
What is the thousands digit of 2746?
2
What is the hundreds digit of 735?
7
What is the hundreds digit of 4444?
4
What is the hundreds digit of 15872?
8
What is the thousands digit of 1135?
1
What is the tens digit of 19457?
5
What is the hundreds digit of 1809?
8
What is the thousands digit of 18305?
8
What is the tens digit of 414?
1
What is the hundreds digit of 1840?
8
What is the tens digit of 7796?
9
What is the thousands digit of 57631?
7
What is the units digit of 87785?
5
What is the units digit of 26376?
6
What is the units digit of 31487?
7
What is the units digit of 1195?
5
What is the units digit of 2248?
8
What is the units digit of 9230?
0
What is the thousands digit of 16556?
6
What is the units digit of 8964?
4
What is the hundreds digit of 6878?
8
What is the tens digit of 58877?
7
What is the tens digit of 2279?
7
What is the units digit of 9077?
7
What is the units digit of 680?
0
What is the hundreds digit of 2607?
6
What is the hundreds digit of 885?
8
What is the units digit of 1132?
2
What is the hundreds digit of 11807?
8
What is the units digit of 1419?
9
What is the thousands digit of 8054?
8
What is the hundred thousands digit of 129969?
1
What is the hundred thousands digit of 164142?
1
What is the thousands digit of 5314?
5
What is the ten thousands digit of 40115?
4
What is the hundreds digit of 41251?
2
What is the units digit of 18101?
1
What is the units digit of 518?
8
What is the units digit of 20170?
0
What is the thousands digit of 1560?
1
What is the hundreds digit of 72937?
9
What is the hundreds digit of 80518?
5
What is the tens digit of 1009?
0
What is the tens digit of 36644?
4
What is the tens digit of 5778?
7
What is the thousands digit of 8527?
8
What is the thousands digit of 42110?
2
What is the tens digit of 1244?
4
What is the units digit of 76530?
0
What is the tens digit of 17791?
9
What is the tens digit of 50438?
3
What is the thousands digit of 4782?
4
What is the tens digit of 362?
6
What is the tens digit of 762?
6
What is the ten thousands digit of 18645?
1
What is the hundreds digit of 712?
7
What is the tens digit of 1563?
6
What is the thousands digit of 40543?
0
What is the thousands digit of 1648?
1
What is the ten thousands digit of 35950?
3
What is the hundreds digit of 1659?
6
What is the thousands digit of 6751?
6
What is the hundreds digit of 1540?
5
What is the thousands digit of 142757?
2
What is the hundreds digit of 2970?
9
What is the units digit of 109714?
4
What is the hundreds digit of 237?
2
What is the hundreds digit of 815?
8
What is the units digit of 1710?
0
What is the hundreds digit of 59315?
3
What is the tens digit of 2155?
5
What is the units digit of 725?
5
What is the thousands digit of 4983?
4
What is the units digit of 800?
0
What is the thousands digit of 1842?
1
What is the tens digit of 1699?
9
What is the tens digit of 9377?
7
What is the tens digit of 17420?
2
What is the thousands digit of 122095?
2
What is the hundreds digit of 6412?
4
What is the units digit of 86?
6
What is the ten thousands digit of 49721?
4
What is the hundreds digit of 398?
3
What is the thousands digit of 3669?
3
What is the tens digit of 2530?
3
What is the tens digit of 620?
2
What is the units digit of 508?
8
What is the ten thousands digit of 20632?
2
What is the tens digit of 7575?
7
What is the units digit of 84485?
5
What is the hundreds digit of 154125?
1
What is the thousands digit of 88849?
8
What is the tens digit of 38814?
1
What is the units digit of 13577?
7
What is the hundreds digit of 2558?
5
What is the thousands digit of 2137?
2
What is the hundreds digit of 513?
5
What is the tens digit of 1890?
9
What is the ten thousands digit of 24277?
2
What is the units digit of 117280?
0
What is the hundreds digit of 27196?
1
What is the thousands digit of 3046?
3
What is the hundreds digit of 6749?
7
What is the units digit of 11790?
0
What is the thousands digit of 74831?
4
What is the tens digit of 65237?
3
What is the units digit of 1153?
3
What is the thousands digit of 8867?
8
What is the units digit of 9447?
7
What is the hundreds digit of 5052?
0
What is the units digit of 717?
7
What is the hundreds digit of 303?
3
What is the tens digit of 80?
8
What is the units digit of 95089?
9
What is the tens digit of 1550?
5
What is the tens digit of 604?
0
What is the hundreds digit of 1678?
6
What is the units digit of 33633?
3
What is the hundreds digit of 9614?
6
What is the thousands digit of 95854?
5
What is the tens digit of 27184?
8
What is the tens digit of 143275?
7
What is the units digit of 313?
3
What is the units digit of 19725?
5
What is the tens digit of 61?
6
What is the hundreds digit of 19501?
5
What is the tens digit of 1120?
2
What is the units digit of 799?
9
What is the tens digit of 103?
0
What is the hundreds digit of 128?
1
What is the units digit of 1119?
9
What is the tens digit of 3011?
1
What is the hundreds digit of 578?
5
What is the thousands digit of 22768?
2
What is the tens digit of 3083?
8
What is the thousands digit of 3072?
3
What is the tens digit of 11393?
9
What is the tens digit of 24562?
6
What is the tens digit of 132?
3
What is the tens digit of 4931?
3
What is the ten thousands digit of 41797?
4
What is the hundreds digit of 392?
3
What is the hundreds digit of 5946?
9
What is the tens digit of 735?
3
What is the units digit of 761?
1
What is the hundreds digit of 126622?
6
What is the hundreds digit of 852?
8
What is the hundreds digit of 17987?
9
What is the tens digit of 17135?
3
What is the hundreds digit of 7300?
3
What is the units digit of 5244?
4
What is the units digit of 4350?
0
What is the hundreds digit of 62325?
3
What is the units digit of 4833?
3
What is the tens digit of 598?
9
What is the ten thousands digit of 14438?
1
What is the tens digit of 1555?
5
What is the units digit of 84?
4
What is the thousands digit of 5093?
5
What is the ten thousands digit of 26493?
2
What is the tens digit of 2276?
7
What is the units digit of 1195?
5
What is the hundreds digit of 857?
8
What is the thousands digit of 21725?
1
What is the tens digit of 1255?
5
What is the ten thousands digit of 54988?
5
What is the tens digit of 65967?
6
What is the thousands digit of 1366?
1
What is the units digit of 10954?
4
What is the tens digit of 31?
3
What is the units digit of 2659?
9
What is the thousands digit of 25057?
5
What is the hundreds digit of 459?
4
What is the units digit of 6126?
6
What is the thousands digit of 15572?
5
What is the hundreds digit of 8340?
3
What is the units digit of 43925?
5
What is the hundreds digit of 96823?
8
What is the ten thousands digit of 50810?
5
What is the thousands digit of 204607?
4
What is the tens digit of 3942?
4
What is the ten thousands digit of 13990?
1
What is the tens digit of 975?
7
What is the hundreds digit of 1293?
2
What is the units digit of 6491?
1
What is the thousands digit of 49134?
9
What is the thousands digit of 69608?
9
What is the tens digit of 29928?
2
What is the thousands digit of 3001?
3
What is the hundreds digit of 14565?
5
What is the units digit of 33048?
8
What is the tens digit of 2041?
4
What is the units digit of 8972?
2
What is the thousands digit of 2320?
2
What is the thousands digit of 52485?
2
What is the units digit of 975?
5
What is the units digit of 2335?
5
What is the tens digit of 774?
7
What is the thousands digit of 1317?
1
What is the ten thousands digit of 55187?
5
What is the hundreds digit of 1